 v(-56). What is the highest common factor of p and 7409?
31
Suppose -2*j + 34*b = 29*b - 14187, 28474 = 4*j + 10*b. Calculate the highest common factor of j and 1496.
374
Let s = 356 + -168. Suppose -4*d + q + 16 = 0, -4*d - 3*q + 16 = -7*q. Calculate the greatest common factor of s and d.
4
Let o be (-3)/2*(-480)/(-9). Let z be ((-42)/35)/(2/o). Let m be 4/(-8)*6 + 15/1. Calculate the highest common divisor of m and z.
12
Suppose 5*u + 3*c - 58 = 188, -4*u + c = -190. Suppose -26*z = 9*z - 840. Calculate the greatest common factor of z and u.
24
Let s be (-60)/(-200) - 171/(-30). What is the greatest common factor of s and 422?
2
Let p be -4 + 9 - (114065/(-10)*2 - 2). Calculate the highest common factor of p and 140.
140
Let g(v) = -v**3 + 9*v**2 + 2*v + 5. Let u be g(9). Let t be -1 + 0 + -103 + -48 + 45. Let a = -84 - t. Calculate the greatest common divisor of u and a.
23
Suppose -2*q = u - 1077, 3*u + 474 = 2*q - 591. Suppose -539*i = -q*i - 16. Calculate the greatest common factor of i and 24.
8
Let c(o) = -2*o**2 + o + 660. Let j be c(-15). Calculate the highest common factor of 208 and j.
13
Suppose -2*c - 13*c = 30. Let a(b) = -2*b + 17. Let z be a(c). Calculate the highest common factor of z and 273.
21
Suppose 0 = 347*a - 351*a - 5*i + 12896, 4*a - 3*i - 12896 = 0. What is the highest common factor of a and 78?
26
Let d = -412 + 660. Suppose 5*t = -2*y + 4*y + 221, -3*t + 135 = -2*y. Let j = 74 - t. Calculate the greatest common divisor of d and j.
31
Let c be (-16)/(-10)*(-5)/(-2). Let l be c/(-3)*(-1092)/7. Calculate the highest common factor of l and 16.
16
Suppose 4*u + 10 - 111 = 91. Calculate the highest common factor of 2916 and u.
12
Let u = -613 - -919. Suppose 4*n - 2*o = 2*n + 146, -4*n = 3*o - u. Let q = 43 - 18. What is the greatest common factor of n and q?
25
Suppose 0 = 105*x + 2838 - 11343. What is the greatest common divisor of 738 and x?
9
Let l(n) = -n**3 - 20*n**2 - 17*n - 34. Let f be l(-9). Let y = -759 - f. Let w = -86 + 190. What is the highest common factor of w and y?
13
Suppose 155 = 5501*m - 5483*m - 187. Let f = -1 + 2. What is the greatest common divisor of f and m?
1
Let l be (-2 + 5 - -49) + 340/(-17). Suppose 33 = 4*m - 95. What is the highest common divisor of l and m?
32
Let k = 17 - 35. Let s = k - -20. Let x be s/8 - (-570)/24. Calculate the greatest common divisor of 6 and x.
6
Let c = 40 - 68. Let d be (-7)/(c/(-3))*-260. Let g(k) = 4*k**2 + 41*k - 83. Let u be g(2). Calculate the greatest common factor of u and d.
15
Let w be (-2)/29 - 1144/232. Let v be 1/w - (-8176)/80. Calculate the greatest common factor of 1938 and v.
102
Suppose -36 = -3*c + 375*o - 376*o, -5*o + 12 = 3*c. Calculate the highest common divisor of c and 238.
14
Let x(r) = -r**3 + 7*r**2 + 10*r - 2. Let c be x(-5). Suppose -3*p - w = p - 244, -4*p - 2*w + c = 0. What is the greatest common factor of p and 105?
15
Suppose 0*o - 12432 = -8*o - 29*o. What is the highest common divisor of 1806 and o?
42
Let x(n) = -4*n**2 + 8*n**2 + 6*n + n**3 + 3*n + 26 - 15*n**2. Let t be x(10). Calculate the highest common divisor of t and 72.
8
Suppose -q = -56*l + 55*l - 447, 4*l - 12 = 0. Let n = 184 + -159. Calculate the greatest common divisor of q and n.
25
Let q = -3 + 36. Let n = 38 - q. Suppose 0 = 3*h + 4 - 10. Calculate the greatest common factor of n and h.
1
Suppose 0 = -2*t + 5*m + 2130, 7*t - 12*t = 3*m - 5294. What is the greatest common factor of t and 30?
10
Let o = 31762 - 31738. Calculate the highest common divisor of o and 573.
3
Let p = -68 - -92. Let r(s) = 21*s**2 + 6*s + 9. Let u be r(-2). Let j = u + -49. What is the greatest common divisor of p and j?
8
Let z be -303*((-10)/(-15))/(-2). Let t = z + -95. Calculate the highest common divisor of 30 and t.
6
Let u be 33/3 + (0*(-12)/108)/(-1). Calculate the highest common factor of 62821 and u.
11
Suppose -4*o - 334 = -i - 115, 4*i - 813 = -5*o. Suppose -2*c = 31 - 49. What is the greatest common factor of i and c?
9
Let w = -37 + 37. Let l(u) = w*u - 1 - 2*u**3 + 4*u**3 + 4 - 7*u**2 + 8*u. Let f be l(6). What is the greatest common factor of f and 21?
21
Let g(p) = -p**3 - 2*p**2 + 3*p - 4. Let r be g(-3). Let z be (-42)/(-28) + 1/(r/(-118)). Calculate the highest common factor of z and 31.
31
Suppose 16*b - 225 = 7*b. Let f(k) = -k**2 + 25*k + 45. Let d be f(b). Calculate the highest common divisor of 20 and d.
5
Let o be -1*(3 - (6 - 4)). Let f(j) = -5*j**3 - 2*j**2 + 1. Let b be f(o). Let k = -40 - -72. Calculate the highest common divisor of k and b.
4
Let u be ((-87)/5 + 1002/334)*(-590)/3. What is the highest common divisor of u and 96?
48
Let y be 841*9*(-60)/(-108). What is the highest common divisor of 15 and y?
5
Let d = 230 + 2310. Calculate the greatest common divisor of 40 and d.
20
Suppose -8*t - 7*t = 353 - 428. What is the greatest common divisor of 5305 and t?
5
Suppose 2*u - 1792 = -2*r + 1640, 5*r + 8550 = 5*u. What is the greatest common factor of 6 and u?
3
Let m(i) = -i**3 - 5*i**2 + 5*i - 7. Let r be m(-6). Let q(b) = 3382*b + 1 + 2 + 3 - 3394*b. Let w be q(r). Calculate the greatest common factor of 27 and w.
9
Let q be (-43 - 8 - 5)*49/(-2). What is the highest common factor of q and 252?
28
Let w be ((-1)/2)/(24/(-276))*4. Let p = w - 17. Calculate the greatest common factor of 4 and p.
2
Let u(p) = -p + 8. Let z be u(8). Suppose -c = 4, z = 4*s - 5*c - 20 - 4. Let x be s*(-134)/(-2) - 3. Calculate the highest common factor of x and 16.
16
Suppose -775*l + 97152 = -643*l. Suppose 0 = 5*g - 6*g - 3*d + 38, 2*d = -4*g + 132. Calculate the highest common divisor of g and l.
32
Let d(h) = 4183*h - 50100. Let q be d(12). Suppose 0 = -2*t - 3*t + 30. What is the highest common divisor of t and q?
6
Suppose -5*o + 250 = 50. Let k be ((-15)/(-2))/(1*(-30)/(-320)). Let t be (8/(-6)*-4)/(k/120). What is the highest common divisor of o and t?
8
Suppose 14*n = 19*n - 45. Suppose 2*s - 2*y - 34 = 0, n*y - 4*y + 46 = 2*s. Suppose -2*o - s + 29 = 0. What is the highest common factor of o and 32?
8
Let g(n) = n**2 - 19*n - 2. Let z be g(13). Let w = z + 236. Calculate the highest common divisor of w and 104.
52
Let r(f) = -109*f - 7. Let g be r(-3). Let p(a) = -a**3 + 2*a**2 - 2*a + 20. Let l be p(0). Calculate the highest common factor of l and g.
20
Suppose 0 = -4*v + 2*z + 1535 + 8815, 4*v - 10308 = -4*z. Calculate the highest common factor of 32 and v.
8
Let j = -238 + 372. Let n = 141 - j. Let c(r) = r**2 - 2*r - 3. Let i be c(-4). Calculate the greatest common factor of n and i.
7
Let v(l) = l**3 + 36*l**2 + 85*l + 843. Let y be v(-33). Calculate the greatest common factor of 117 and y.
9
Let v = -3966 - -4020. What is the greatest common factor of v and 1944?
54
Let f(h) = -3*h**3 + 48*h**2 - 31*h - 38. Let j be f(14). Calculate the greatest common divisor of 55 and j.
11
Suppose -634 = -2*h - 4*c, -3*c = -2*h + 513 + 156. Calculate the greatest common divisor of 21909 and h.
327
Let k be (-56)/(-6) - 4/(-6). Suppose 63*a - 144 = 55*a. Let z = a - -42. Calculate the greatest common divisor of z and k.
10
Suppose -5*i = -v + 1235 - 181, 0 = -4*v + 2*i + 4270. Let d = v + -1051. Let u(g) = 9*g. Let b be u(5). What is the highest common divisor of b and d?
9
Let b = 28836 - 28112. Calculate the highest common factor of 15747 and b.
181
Let i be 5*((-6)/24 + (-26)/(-8)). Suppose i*p - 1043 = 892. Calculate the highest common divisor of 43 and p.
43
Let p(m) = 9*m - 357. Let y be p(46). Calculate the greatest common divisor of y and 1577.
19
Let s be 1844/6 + 2/3. Let p(z) = 13065*z + 52392. Let a be p(-4). What is the greatest common divisor of s and a?
44
Let p = -14602 + 16212. Calculate the greatest common divisor of 1035 and p.
115
Suppose 2*d + 17 = 3*r, 4*r - 8 = 2*d + 12. Suppose -j - 102 = -5*h, -r*h - 24*j = -29*j - 48. What is the greatest common factor of h and 21?
21
Let g be 11316 - (-6 + 2 + 5 + -1). What is the greatest common divisor of 123 and g?
123
Let y = -3877 + 4157. Let w be 3 + (32*1)/1. What is the highest common factor of w and y?
35
Let h = 13868 + -13837. Suppose 0 = -5*p - x + 1849 - 0, p - x = 371. Let w = -153 + p. What is the greatest common factor of w and h?
31
Let m(q) = 55*q**3 - 56*q**3 - 7*q**2 - 6*q + q**2. L